onvert 9601 (base 15) to base 13.
11596
What is -53515 (base 8) in base 3?
-1010122202
What is 40890 (base 10) in base 6?
513150
Convert -24c8 (base 14) to base 15.
-1d9d
What is -a02 (base 15) in base 13?
-1043
Convert bbb3 (base 13) to base 2.
110011000111100
What is -1175 (base 9) in base 10?
-878
-12455 (base 6) to base 4
-131303
What is 10001112 (base 3) in base 13?
1025
Convert -21134 (base 5) to base 16.
-58b
-135 (base 13) to base 11
-184
-212121 (base 3) to base 9
-777
What is 3c4 (base 14) in base 6?
3304
Convert 304 (base 12) to base 7.
1162
-101021120 (base 3) to base 16
-1d46
Convert -430b (base 14) to base 9.
-16781
What is 21100202 (base 3) in base 11?
4039
What is -a28 (base 13) in base 10?
-1724
2a3 (base 13) to base 7
1242
2223421 (base 5) to base 16
9944
What is a6 (base 13) in base 6?
344
Convert -21562 (base 8) to base 7.
-35312
Convert 40 (base 16) to base 8.
100
Convert 1500 (base 6) to base 2.
110001100
Convert 2004 (base 6) to base 13.
277
Convert -444 (base 12) to base 3.
-212021
-2242 (base 6) to base 13
-31a
20430 (base 10) to base 8
47716
Convert 1e35 (base 15) to base 4.
1212233
32123 (base 4) to base 15
418
Convert 4be (base 15) to base 5.
13304
What is 10000000101 (base 2) in base 15?
489
-110112 (base 4) to base 8
-2426
What is 1b3b (base 13) in base 10?
4106
-324 (base 8) to base 9
-255
315 (base 16) to base 13
489
What is -994 (base 13) in base 16?
-66a
What is 43a8 (base 11) in base 13?
2847
What is 26e (base 15) in base 7?
1421
Convert -15025 (base 6) to base 4.
-211121
-11a7c (base 14) to base 3
-2012022010
What is 1011101010 (base 2) in base 16?
2ea
What is 1011 (base 8) in base 6?
2225
What is b64 (base 14) in base 6?
14220
What is -16641 (base 8) in base 12?
-4481
2245 (base 6) to base 4
20111
What is -10002000 (base 3) in base 12?
-1369
Convert -32da (base 15) to base 13.
-4ba3
Convert -2346 (base 14) to base 3.
-22102100
23515 (base 7) to base 16
17c8
Convert -67c (base 13) to base 10.
-1117
21 (base 4) to base 14
9
Convert -9957 (base 11) to base 16.
-334a
Convert 25551 (base 7) to base 5.
204143
Convert 2956 (base 15) to base 8.
21230
What is -1b83 (base 15) in base 11?
-4540
-201200202 (base 3) to base 4
-3200111
What is -110221 (base 4) in base 16?
-529
Convert 2a279 (base 11) to base 7.
236063
What is 12136 (base 10) in base 15?
38e1
What is -1ee (base 15) in base 10?
-449
What is -63 (base 11) in base 7?
-126
Convert -303 (base 4) to base 14.
-39
What is 27b (base 12) in base 11?
319
-644 (base 8) to base 4
-12210
What is 3ba (base 12) in base 8?
1076
Convert -10450 (base 12) to base 10.
-21372
Convert 223f (base 16) to base 9.
13021
What is -4675 (base 10) in base 3?
-20102011
Convert -4646 (base 11) to base 8.
-13724
Convert 202111 (base 3) to base 14.
2b7
-2221222 (base 3) to base 10
-2159
What is -6c1 (base 15) in base 8?
-2773
-188 (base 13) to base 7
-551
Convert -32a8 (base 16) to base 13.
-5b97
Convert -6546 (base 7) to base 11.
-1835
302 (base 11) to base 4
11231
What is -632 (base 9) in base 15?
-245
Convert 20a (base 16) to base 8.
1012
Convert -11044 (base 8) to base 13.
-2163
What is 1005 (base 7) in base 11?
297
14427 (base 15) to base 7
360454
Convert -1a9 (base 11) to base 9.
-286
Convert 102212121 (base 4) to base 5.
4414220
51951 (base 11) to base 7
433434
e8e (base 15) to base 10
3284
-210200 (base 4) to base 15
-a5b
Convert -13a0 (base 11) to base 2.
-11100001100
What is 3103131 (base 4) in base 13?
6210
-10001100000101 (base 2) to base 3
-110022001
Convert 101111101 (base 2) to base 7.
1053
-12b25 (base 14) to base 9
-70204
Convert 4313 (base 8) to base 15.
a01
-110131303 (base 4) to base 5
-10140302
What is 10315 (base 8) in base 4?
1003031
What is -b0 (base 13) in base 7?
-263
What is -212213 (base 5) in base 3?
-100212001
Convert 111122 (base 4) to base 11.
1036
Convert -350 (base 7) to base 16.
-b6
What is 18240 (base 10) in base 4?
10131000
c54 (base 15) to base 7
11050
Convert -1000010000 (base 2) to base 15.
-253
What is 3813 (base 16) in base 10?
14355
-10120 (base 3) to base 13
-75
What is 4d75 (base 15) in base 13?
76ac
What is -1374 (base 8) in base 15?
-35e
What is -4440 (base 5) in base 14?
-324
What is 2c2a (base 15) in base 11?
7148
Convert 4590 (base 12) to base 7.
31365
What is -404 (base 12) in base 5?
-4310
Convert 11010011101 (base 2) to base 7.
4636
-2416 (base 9) to base 3
-2110120
Convert -199 (base 11) to base 5.
-1404
What is -2d3d (base 14) in base 4?
-1332123
What is 348 (base 16) in base 14?
440
-11010 (base 2) to base 4
-122
What is 3e6 (base 15) in base 11?
740
Convert -343 (base 9) to base 10.
-282
What is 36614 (base 9) in base 11?
174a4
Convert -118 (base 12) to base 5.
-1124
Convert -1102201 (base 3) to base 11.
-870
What is 2143 (base 5) in base 7?
604
-b45 (base 16) to base 7
-11261
-4204213 (base 5) to base 14
-1b388
-5191 (base 12) to base 13
-4081
-22323 (base 13) to base 2
-1111001001100100
213 (base 8) to base 14
9d
What is -4ac7 (base 13) in base 4?
-2212101
What is -2585 (base 13) in base 9?
-7302
1112212 (base 3) to base 8
2152
What is -21453 (base 8) in base 3?
-110100110
Convert 423 (base 6) to base 16.
9f
1665 (base 7) to base 6
3100
287a (base 12) to base 15
15d7
-25203 (base 9) to base 7
-100236
12779 (base 10) to base 14
492b
1011000001101 (base 2) to base 16
160d
Convert ad6 (base 15) to base 3.
10100210
Convert -43100 (base 5) to base 3.
-10222102
What is 1641 (base 9) in base 5?
20002
Convert 15542 (base 9) to base 13.
4b02
What is -174b (base 16) in base 11?
-4531
Convert -1004503 (base 6) to base 10.
-47703
Convert -112002 (base 3) to base 16.
-17c
What is 46456 (base 7) in base 5?
340044
Convert 21200101 (base 3) to base 15.
19d4
Convert 10211232 (base 4) to base 16.
496e
-1d2bb (base 14) to base 2
-10010001110010101
Convert 2a9 (base 12) to base 3.
120110
What is 4110041 (base 5) in base 7?
364132
What is -6b (base 14) in base 7?
-164
Convert -3801 (base 11) to base 14.
-1b46
Convert 3331101 (base 4) to base 5.
1004314
Convert 1772 (base 9) to base 13.
809
Convert 140004 (base 5) to base 2.
1010111111101
What is -8b8 (base 13) in base 16?
-5df
What is -52450 (base 8) in base 11?
-15419
What is -33899 (base 10) in base 12?
-1774b
Convert -18111 (base 10) to base 5.
-1034421
What is 21 (base 10) in base 8?
25
What is -478 (base 13) in base 14?
-3d5
80448 (base 9) to base 4
30321320
What is -3120 (base 4) in base 10?
-216
Convert -30452 (base 8) to base 2.
-11000100101010
-9489 (base 13) to base 8
-50122
Convert 134134 (base 7) to base 14.
93c4
What is b04 (base 16) in base 6?
21020
Convert -44a (base 15) to base 8.
-1712
Convert 60535 (base 8) to base 6.
311221
What is 1111010011 (base 2) in base 8?
1723
Convert -7c2 (base 14) to base 9.
-2103
What is -3d8 (base 15) in base 10?
-878
Convert 232013 (base 4) to base 9.
4038
-1033323 (base 4) to base 6
-35403
-50244 (base 6) to base 2
-1100110110100
Convert 2c82 (base 14) to base 7.
32122
-3b (base 15) to base 16
-38
Convert 5053 (base 16) to base 14.
76cb
2002 (base 13) to base 16
112c
What is -a47 (base 13) in base 15?
-7b9
Convert 101032 (base 5) to base 12.
1a83
What is -40011 (base 7) in base 3?
-111012000
What is -118c (base 16) in base 2?
-1000110001100
What is 2033 (base 5) in base 10?
268
100100110000 (base 2) to base 9
3203
230332 (base 5) to base 15
267c
What is 2a1 (base 12) in base 7?
1123
210022 (base 6) to base 4
10013132
What is 17a0 (base 11) in base 12?
13a8
4176 (base 10) to base 6
31200
Convert -887a (base 12) to base 5.
-440240
-10138 (base 9) to base 5
-203202
What is dcdc (base 16) in base 7?
323561
a04 (base 12) to base 9
1874
13167 (base 8) to base 10
5751
Convert -1c08 (base 15) to base 4.
-1133003
What is 81f (base 16) in base 4?
200133
Convert 309 (base 10) to base 11.
261
776a (base 14) to base 7
114163
What is 1665 (base 7) in base 10?
684
What is 20515 (base 7) in base 8?
11703
Convert -186a3 (base 15) to base 8.
-232430
What is 223232 (base 4) in base 11?
2114
-1266 (base 11) to base 3
-2020221
Convert -3432 (base 5) to base 9.
-606
Convert 588 (base 10) to base 3.
210210
Convert -130 (base 5) to base 7.
-55
What is 1c4 (base 14) in base 15?
198
What is -1111010000 (base 2) in base 14?
-4da
What is -201000 (base 3) in base 4?
-20001
Conv